9
Suppose 17 = t + 8. Suppose -t*x + 14*x + 5*o - 985 = 0, 4*x = 3*o + 774. What is the tens digit of x?
9
Let k be 18/(-33) - (-14818)/(-341). Let q = k - -499. What is the hundreds digit of q?
4
Let y(u) = 7*u + 80. Let w be y(-12). What is the units digit of 1436*(-1 - -2)*(-2)/w?
8
Let s be 20/11 - (-12)/66. Suppose -3*h = -p - 0*h + 432, -s*p = -2*h - 876. What is the hundreds digit of p?
4
Let u = -4183 - -9052. What is the hundreds digit of u?
8
Let l be (-4)/3*81/18. Let k(o) = -58*o - 4. Let m(z) = 59*z + 5. Let t(b) = l*k(b) - 5*m(b). What is the tens digit of t(1)?
5
Let t(b) = -1480*b - 5515. What is the thousands digit of t(-5)?
1
Suppose 0 = -y + 5*w - 0*w + 49700, -3*y + 4*w + 149100 = 0. What is the ten thousands digit of y?
4
Suppose -11*y - 70 - 128 = 0. Let g = 331 + y. What is the units digit of g?
3
Let y(h) = h**3 - 3*h**2 + 6*h - 18. Let m be y(3). Suppose m = -25*t + 28*t - 2445. What is the hundreds digit of t?
8
Let c be 2 - ((-2)/(-2))/(3/(-27)). Let t(g) = g**2 - 7*g + 27. Let x be t(c). Suppose 1 = -z - 1, 0 = -q - 2*z + x. What is the units digit of q?
5
Let q = 72 - 35. Let d = q + -33. Suppose -3*m - d = 3*z - 46, -4*z = 5*m - 59. What is the tens digit of z?
1
Let r(p) = -5*p + 8262. What is the thousands digit of r(0)?
8
Let d(z) = z**3 - z**2 + 10*z - 41. Let x be d(4). Suppose 32*q - x*q + 21930 = 0. What is the hundreds digit of q?
4
Suppose 0 = -5*n - 3*k + 9618, -85*n - 2*k = -84*n - 1918. What is the hundreds digit of n?
9
Let u(v) = -v**2 - 8*v + 23. Let h be u(-10). Let x be ((-1)/h)/(1/(-9)). What is the units digit of ((-93)/6 + 2)*(-6)/x?
7
Suppose 12 = 3*t - 3. Suppose t*f - 2 = -3*m - 244, 2*m = 5*f - 128. Let h = -35 - m. What is the units digit of h?
9
Suppose 0*f + 1949 = -4*f - 5*w, -1979 = 4*f - 5*w. Let n = f - -1113. Suppose -9*u + 7*u + n = 0. What is the units digit of u?
1
Let x be (-12)/36 - (1 + 1136/(-6)). Suppose -q + x = -4*u, q - 141 = -2*u + 35. What is the tens digit of q?
8
Let v = 332 - 157. Suppose g + v + 137 = 0. What is the units digit of (-1)/(((-4)/g)/((-3)/6))?
9
Let u = -385 - -57. Let c(f) = -f**3 - 19*f**2 + 129. Let x be c(-18). Let i = x - u. What is the hundreds digit of i?
1
Let m = 16657 - 13221. What is the hundreds digit of m?
4
Let l be 7 + 3/(12/16). Suppose 6*w - 29 = -l. What is the units digit of w?
3
Suppose 0 = 3*h - 77 + 35. Let k(p) = -13*p + 13. Let j be k(h). Let d = -88 - j. What is the tens digit of d?
8
What is the units digit of 2669 - -2 - (-16)/36*-9?
7
Suppose 0*m = -2*m + 160. Let t(n) = 58*n + 14. Let d be t(-1). Let k = m + d. What is the units digit of k?
6
Let p be ((-36)/16)/((-6)/(-16)). Let d be -2*(-3)/(p/25). What is the units digit of (-20)/d*490/4?
8
Suppose 12*m = 16*m - 18*t - 99394, 0 = -4*m + 4*t + 99464. What is the tens digit of m?
7
Let l = -8 + 16. Suppose j = l*j - 28. Suppose j*m - 186 = -42. What is the tens digit of m?
3
Let z(k) = -17*k**3 - 13*k**2 + 102*k + 93. What is the units digit of z(-16)?
5
Let b(l) = l**2 + 3*l - 1. Let d = 78 - 71. What is the tens digit of b(d)?
6
Let v be (40/56)/((-2)/(-14)). Suppose v*d - 15 = -0*d, -5*l + 5110 = 5*d. Suppose m - l = -5*p - 0*m, -2*m + 610 = 3*p. What is the hundreds digit of p?
2
Suppose 1931888 + 6050942 = 290*s. What is the tens digit of s?
2
Suppose r + r + 4 = 4*h, -6 = -h + 3*r. Suppose -23 - 113 = -f - m, h = 4*f - 3*m - 558. What is the hundreds digit of f?
1
Let i = 13871 - 7218. What is the hundreds digit of i?
6
Let g be 6/(-4)*40/(-20). Suppose -8*q + g*q + 2450 = 0. What is the hundreds digit of q?
4
Suppose -82*f - 930 = -67*f. Let r = 2005 + f. What is the units digit of r?
3
What is the tens digit of (-40)/140 + 2 + 197784/21 + 5?
2
Let d(v) = 21513*v + 1283. What is the tens digit of d(1)?
9
Let y be (0 + (-3)/(-9))/((-13)/(-8541)). Suppose -7*x = -y - 3169. What is the hundreds digit of x?
4
Suppose -w = -5*w + 4*h + 92, -4*h = -w + 29. Let n(o) = 5*o**2 + 43 - w - 25. What is the units digit of n(4)?
7
Suppose -14*i = 24*i - 344692 - 224624. What is the thousands digit of i?
4
Let q(p) = -11*p**2 + 15*p - 60. Let x be q(6). Let b = x + 679. What is the hundreds digit of b?
3
What is the units digit of -1*11/(-5)*-5*437/(-1)?
7
Let i(u) = u**2 - 6*u + 3. Let m be 1/(-4)*(-76)/19. Let a be m*-8 - (7 - 9). What is the units digit of i(a)?
5
Suppose -56676 = -54*b + 63150. What is the tens digit of b?
1
Let k(b) = -244*b - 3600. What is the units digit of k(-20)?
0
Let y = 33 - 27. Suppose 0 = 11*w + y + 27. What is the hundreds digit of (-588)/(-4) + w/1?
1
Let p be ((-2)/(-2))/((-15)/(-61230)). Suppose -p = -46*z + 33*z. What is the tens digit of z?
1
Suppose -36*d + 687 = -39*d. Let l = 140 + d. Let a = 167 + l. What is the units digit of a?
8
Let t(f) = 515*f**2 - 9*f + 9. Let m be t(2). Suppose 0 = -17*a + 8421 + m. What is the hundreds digit of a?
6
Let f(w) = 17 + 43*w**2 - 11*w**2 - 26*w**2. What is the hundreds digit of f(5)?
1
Let u = 18860 + -10550. What is the thousands digit of u?
8
Let b = -44796 + 66310. What is the thousands digit of b?
1
Let v(q) = -4*q - 1. Let d be v(-1). Suppose d*u - 8 = -w, -2*w + u = -2 - 7. Suppose 4*k = -r + 90, 0*k + 193 = 2*r - w*k. What is the units digit of r?
4
Let f(p) = -9*p**3 + p**2 + 2*p + 1. Let v be f(-1). Let d be (v + -6)/((-2)/4 + 2). Suppose d*i - 586 = -162. What is the units digit of i?
2
Let a(n) = 120*n**2 + 30*n - 110. What is the hundreds digit of a(19)?
7
Let s(f) = 5*f**2 - 4*f + 4. Let t be s(2). Let u be 5278/112 - 2/t. Let k = 16 + u. What is the tens digit of k?
6
Let k(o) = -3*o - 3. Let a(i) = i. Let f(d) = 2*a(d) + k(d). Let h be f(-7). Let v(m) = m**3 + 3*m**2 - 8*m + 4. What is the units digit of v(h)?
4
What is the thousands digit of (1/((-7)/(-2)))/(7 - 7542899/1077559)?
1
Suppose l = -l + 4, 4*q + 5*l - 30 = 0. Let d(f) = -f**2 + 6*f - 2. Let u be d(q). Suppose -7*x + u*h + 86 = -2*x, 4*h + 40 = 2*x. What is the tens digit of x?
1
Let o(y) = 681*y**2 - y. Let f be o(1). Suppose -4*b = -2*b + n - 668, 2*b - 2*n - f = 0. What is the hundreds digit of b?
3
Suppose 82128 = 5*x + 3*p, 2*p + 6648 = 3*x - 42625. What is the units digit of x?
5
Let i(b) = -583*b - 6. Let l be i(2). Let s be (l/8 + -5)/(2/4). Let q = -53 - s. What is the units digit of q?
0
Let a(g) = 292*g - 239. Let k be a(6). Let d = -237 + k. What is the thousands digit of d?
1
Let d(k) = 47*k**2 - 5*k + 2. Suppose -307 = -3*c - 313. What is the units digit of d(c)?
0
Suppose -6*n - 82 = 398. Suppose -18*o = -23*o - 175. Let m = o - n. What is the units digit of m?
5
Suppose 25*g - 55*g = -92*g + 958458. What is the thousands digit of g?
5
Let s(p) = p**2 - 4*p - 1. Let c be s(5). Suppose -5*a + c*o + 192 = 0, -3*a = -4*o - 47 - 65. Let u = -12 + a. What is the units digit of u?
8
Suppose 5*a - 1742 = -3*h - 289, -491 = -h - 3*a. Suppose h = -37*w + 41*w. What is the hundreds digit of w?
1
Let l(t) = 249*t**3 + 3*t**2 - 3*t + 1. Let s be l(1). Suppose 5*r - s + 56 = 3*m, -r + 38 = -m. What is the tens digit of r?
4
Let i(h) = 167*h**2 - 187*h + 32. What is the ten thousands digit of i(-8)?
1
Let f(s) = 524*s**2 + 283*s - 1957. What is the tens digit of f(7)?
0
Let i = -76 + 67. Let o(z) = 14*z - 27. Let q be o(i). Let k = 214 + q. What is the units digit of k?
1
Suppose -2*d = 4*w + 8 - 2, 3*d = -5*w - 6. Suppose -3*j + 209 = q - 236, -2*j = d*q - 1356. What is the tens digit of q?
5
Let i(z) = 14*z - 28. Let h be i(8). Let o be (h/48)/(1*1/(-4)). Let x(w) = -w**3 - 5*w**2 + 7*w - 13. What is the tens digit of x(o)?
3
Suppose -4*r - 11459 = -2*a + 9691, 8 = r. What is the tens digit of a?
9
Let p(f) = 3*f**2 + 5*f + 4. Let s be p(-1). Let h be 143*3/(-3)*(-18)/s. What is the tens digit of h/11 + 7 + -2?
2
Let h(n) = 4*n**3 - 14*n**2 - 19*n - 24. Let b be h(12). Suppose -2*m - b = -4*t, -7*t + 4*m = -8*t + 1170. What is the tens digit of t?
6
Let v(c) = -7*c + 60. Let m be v(8). Suppose 3*h - 3*g = 696 + 306, 4*h - 1344 = -m*g. What is the tens digit of h?
3
What is the units digit of (-7323)/(-12)*5 - 54/216?
1
Let h = 4283 - 332. What is the units digit of h?
1
Suppose -11*o = -7*o - 56. Suppose o*z = 8*z + 780. Let b = z + -3. What is the units digit of b?
7
Let f(j) = -4*j**3 + 21*j**2 - 209*j + 32. What is th